.
8
Suppose p + 15 = 6*p. Suppose 3*t - 21 - 36 = -z, p*z - 171 = -2*t. Suppose 5*y + 1 = n + 2, 0 = -2*n - 4*y + 54. What is the highest common factor of z and n?
19
Suppose -4*t = -12, -27 = -3*p + 6*t - 2*t. Calculate the highest common divisor of p and 39.
13
Let i(b) = 2*b**2 + 2. Let o be i(3). What is the highest common divisor of o and 220?
20
Let n = -5 - -8. Let g be (-3 - -2) + 6 + -1. Suppose -2*f = 10, 0 = n*b - 0*f - g*f - 152. Calculate the greatest common factor of 4 and b.
4
Suppose 150 = 16*h - 11*h. What is the greatest common factor of h and 75?
15
Let r = 36 + -25. What is the greatest common factor of 110 and r?
11
Suppose -g - 2 + 7 = 0. What is the highest common factor of 55 and g?
5
Let a(d) = d**3 + d**2 - d - 2. Suppose 2*t + 2 = 3*t. Let m be a(t). What is the greatest common factor of 12 and m?
4
Suppose 0 = f - 46 - 135. Suppose 3*l - 2*y + 53 = f, 3*l = 5*y + 140. Calculate the highest common divisor of l and 10.
10
Let i = 17 - 5. Let g = 233 + -101. Calculate the highest common divisor of i and g.
12
Let m(a) = 2*a + 1. Let f be m(1). Let b be (f/(-9))/(3/(-117)). Calculate the greatest common divisor of 104 and b.
13
Suppose 3*f = 2*y - 2*f - 102, -f = 0. Calculate the greatest common divisor of y and 17.
17
Let d(o) = o**2 + 3*o - 2. Let c be d(3). Suppose 6*k - 4*k - 8 = 0. Calculate the greatest common divisor of c and k.
4
Let i(u) = u**3 - 10*u**2 + 11*u - 11. Let a be i(9). What is the highest common divisor of a and 21?
7
Let t(z) = -z**2 - 9*z + 12. Let i be t(-10). Suppose i*p - 57 = 3*s + 47, -3*p = 5*s - 156. Calculate the greatest common divisor of 78 and p.
26
Let l = -6 + 8. Let d be 87 - (-2)/l*1. Calculate the greatest common divisor of d and 8.
8
Suppose w + 22 = -5. Let g = w - -45. What is the greatest common divisor of 45 and g?
9
Suppose 496 = 3*b + 133. Calculate the highest common divisor of 11 and b.
11
Let n(o) = o**2 + 0 + 11 - 7*o - 4*o. Let s be n(11). What is the highest common factor of s and 44?
11
Let z(i) = -i**3 + 10*i**2 + 12*i - 5. Let r be z(11). What is the highest common divisor of r and 18?
6
Suppose -5*x = -4*n - 3, -2*n + 8 = -4*n - 4*x. Let c(u) = -4*u**3 - 2*u**2 + u + 2. Let o be c(n). What is the greatest common factor of o and 36?
12
Suppose 0 = 2*k + 2*n - 2 - 2, -2*k - 5*n = -4. Suppose -k*q = -5*q + 750. Suppose 0*w = 5*w - q. Calculate the highest common factor of 10 and w.
10
Suppose -5*g + 100 = 4*v, 7 - 61 = -4*g + 2*v. Let a(h) = -h**2 - 11*h - 8. Let z be a(-9). Let l = g - z. Calculate the greatest common factor of 24 and l.
6
Let m be (3/12)/((-6)/(-72)). Suppose -5*u + 95 = 2*d, m*d + 3*u = 87 + 60. What is the highest common divisor of 20 and d?
10
Let j be (0 - (1 - 1)) + 1. Suppose 4*t + 2 = -n + 4*n, 3*t - 3 = 0. What is the highest common divisor of j and n?
1
Let z = 47 - 5. What is the highest common factor of 6 and z?
6
Suppose -5*d + 32 + 3 = 0. Let y(b) = -b**2 + 8*b + 5. Let q be y(d). What is the highest common divisor of q and 36?
12
Let u be (-4)/(36/(-15) + 2). Suppose -3*d - 4*y + u = 0, 2*y - 6*y - 4 = -4*d. Let r be (11/d)/((-1)/(-10)). Calculate the greatest common factor of 11 and r.
11
Let n = 108 - 97. Calculate the greatest common divisor of 77 and n.
11
Let l be (-2)/((-2)/(-2)) + 1. Let q(r) = -r**3 - 3*r**2 + 5*r - 7. Let d be q(-5). Let g be d + l + (5 - 2). Calculate the greatest common divisor of g and 30.
10
Let u(v) = 7*v + 92. Let f be u(28). What is the greatest common divisor of f and 18?
18
Suppose -5*t = -0*t - 15. Calculate the highest common factor of 1 and t.
1
Let d = 20 - -3. Let i = d - 9. Calculate the highest common factor of i and 28.
14
Let g = 0 - -8. Let v(i) = 2*i**2 + i + 6. Let w be v(-6). Suppose -2*p + w = p. What is the greatest common factor of p and g?
8
Let d = -12 - -14. Suppose 0 = m - d*m + 2. What is the greatest common factor of m and 14?
2
Let h be -2*(0 + 1)*-7. Let n(l) = l + 42. Let w be n(0). Calculate the highest common factor of w and h.
14
Suppose -3*m + m = -14. Suppose 5*f - 76 = -3*h, -m - 57 = -4*f - 4*h. What is the highest common factor of 21 and f?
7
Let h(s) = s**2 - 9*s + 8. Let o(t) = 3*t + 0 - 2 - 3. Let m be o(5). Let l be h(m). Calculate the greatest common divisor of 54 and l.
18
Suppose 65 + 131 = 4*y. Let n = 0 + 7. What is the greatest common divisor of n and y?
7
Let f be (-2)/3 - (-286)/78. What is the greatest common divisor of f and 24?
3
Let m(c) = -c - 4. Let g be m(-6). Suppose 0*o - 44 = -g*o. Let k = -3 + o. Calculate the greatest common factor of k and 152.
19
Let k be (38/3)/(82/861). What is the greatest common factor of 19 and k?
19
Suppose 0 = 4*p + p - 25. Let m(v) = 6*v**2 + 2 - v**3 + 3 + v**2 - 2*v. Let j be m(4). Calculate the highest common factor of j and p.
5
Let o = 13 + -7. Suppose -4*r = -o*r + 24. Calculate the highest common factor of 132 and r.
12
Suppose -11*r + 1307 - 97 = 0. Suppose -2*l = -4*y + 40, 4*l = 4*y - 19 - 21. Calculate the highest common factor of y and r.
10
Let u = 11 + -12. Let p be 27*u/((-9)/6). Calculate the greatest common factor of 45 and p.
9
Let v(u) = -u**3 + 13*u**2 - 12*u + 16. Let g be v(12). Suppose -b + 2*b = 2. What is the highest common divisor of g and b?
2
Suppose -2*m + 4*m - 108 = 0. What is the highest common factor of m and 27?
27
Let u(v) = -2*v + 2. Let b be 2 - 1 - 7*1. Let d be u(b). Calculate the highest common divisor of d and 35.
7
Let z = 16 - 2. Let t(d) = -5*d - 6. Let g be t(-4). What is the highest common factor of g and z?
14
Suppose 1 = 3*a - a - 3*b, 5*b = 25. Calculate the greatest common factor of a and 1.
1
Let u(a) = a**3 - a**2 - a + 2. Let l be u(0). Let j = 5 - l. Suppose 0*m = -j*m + 42. What is the greatest common divisor of 28 and m?
14
Suppose 3*p - 4*p = -i + 5, -5*p = 5*i - 25. Suppose 0*w - w + 6 = p. Calculate the greatest common divisor of 66 and w.
6
Let y be 1 - 2 - 24/(-4). Suppose d = 2*f - 37, f + y*d = -9 + 22. Calculate the highest common factor of f and 45.
9
Suppose -3*o + 4*j + 228 = 0, -2*o - o = -2*j - 234. Calculate the highest common factor of 16 and o.
16
Let q(n) = -2*n**3 + 20*n**2 + 7*n - 10. Let w be q(10). Calculate the greatest common factor of 45 and w.
15
Let n(x) = x. Let m(f) = 3*f - 2. Let g(l) = -m(l) + 6*n(l). Let k be g(2). Let c be (6/8)/(1/k). What is the highest common divisor of c and 18?
6
Let a be ((-3)/(-15) - 1)*-140. What is the highest common divisor of a and 16?
16
Suppose -4*p + 4 = -4. Let h(y) = -y**2 + y + 9. Let n be h(0). Suppose p*o = 7 + n. What is the greatest common factor of o and 8?
8
Let i(t) = 2*t**2 - 5*t + 1. Let j(p) = -p**2 + 2*p. Let s(b) = -6*i(b) - 17*j(b). Let h be s(5). What is the highest common divisor of 11 and h?
11
Let t = -66 - 25. Let v = t - -156. What is the highest common divisor of 13 and v?
13
Suppose -49 + 1 = -4*t. What is the greatest common factor of 18 and t?
6
Suppose -2*w + 4*f = w - 437, 670 = 5*w + 5*f. Suppose v + 35 = w. Calculate the highest common factor of v and 13.
13
Suppose -2*v + 4*c = 12, 0*v + v + 10 = 3*c. Let m be v + (-68)/(-1) + 2. What is the greatest common divisor of 12 and m?
12
Suppose 5*f - 87 + 282 = 0. Let j = -27 - f. What is the highest common divisor of j and 60?
12
Let b(u) = -6 - 5 + 32 + 44 - u**2. Let w be b(0). Calculate the highest common divisor of w and 26.
13
Let u be 6/(-9) - (-195)/9. Let y = u - -47. What is the highest common divisor of y and 17?
17
Let l(a) = a**2 - 3*a + 11. Let g be l(8). Calculate the highest common divisor of g and 34.
17
Let d = -32 - -54. What is the highest common divisor of d and 55?
11
Suppose -6*l = -7*l + 63. What is the greatest common divisor of 7 and l?
7
Suppose 0 = -3*o + 3*q + 87, -q = -o - 4*o + 157. What is the greatest common divisor of 24 and o?
8
Suppose 3*r - 938 = 349. Calculate the highest common factor of r and 39.
39
Let w be 1 + (-4)/2 + 4. Let h be 90 - (w + (0 - 1)). Calculate the greatest common factor of h and 8.
8
Let z(a) = 2*a**3 - 2*a**2 - a - 1. Let r be z(3). Let d(i) = -i**3 - 3*i**2 - 17*i - 4. Let b be d(-4). Calculate the greatest common factor of b and r.
16
Let c = 26 - -24. Calculate the highest common factor of 20 and c.
10
Let h = 63 - -39. Calculate the highest common divisor of 